1. List the prime factors of x.
2
Suppose m + 4*y - y - 62 = 0, -4*m + 2*y + 248 = 0. Let f(j) = -3*j - 15. Let n be f(-5). Suppose -2*h = -n*h - m. List the prime factors of h.
31
Let x(f) = 2*f**3 - 8*f**2 + 2 - 6 - 3*f**3 - 8*f. Let s be x(-7). List the prime factors of s/9 - (-71)/3.
2, 3
Suppose 6*k - 34 = 4*k + 3*b, 0 = -4*b. What are the prime factors of k?
17
Suppose 0*t + 14*t - 4802 = 0. What are the prime factors of t?
7
Let n(h) = -36 + 38*h**2 + 7*h + 41*h**2 - 78*h**2. List the prime factors of n(8).
2, 3, 7
Let c = 500 - 868. List the prime factors of ((-3)/(-2))/((-12)/c).
2, 23
Let k be -1*3*(3 - (-5 - 84)). Let x = -146 - k. What are the prime factors of x?
2, 5, 13
Suppose -25 = 2*x - 169. What are the prime factors of (-102)/(-4)*x/27?
2, 17
Let z(w) be the third derivative of 2/3*w**5 + 1/6*w**3 + 0 + 5*w**2 + 0*w**4 + 0*w. List the prime factors of z(-1).
41
Suppose 0*s + 2665 = 13*s. What are the prime factors of s?
5, 41
Suppose 13*t + 14840 = 33*t. What are the prime factors of t?
2, 7, 53
Suppose 3*x + 1405 = 2*n - 0*x, -n + 702 = -2*x. What are the prime factors of n?
2, 11
Let r(m) = m - 3. Suppose 3 = -2*s + 15. Let p be r(s). Suppose 56 = 4*b + 3*i, 0*i + 56 = 4*b - p*i. List the prime factors of b.
2, 7
Suppose -5*i + 5*r + 508 = -442, -2*r + 772 = 4*i. What are the prime factors of i?
2, 3
Let x(k) = 3*k**3 + 3*k**2 + 2*k - 4. Let h be x(-3). Let r = h + 137. List the prime factors of r.
73
Suppose 3*w = -2*w + 190. Let h be (w - -4)*36/14. Suppose 3*y = 3*f - 0*y - h, 12 = -3*y. List the prime factors of f.
2
Let l = -421 + 1188. List the prime factors of l.
13, 59
Let t(c) = -3*c**2 - 1. Let y be t(-1). Let m be -4*3/y + -1. Suppose -m*a - 2 = 3*u - 0, a + 8 = 2*u. List the prime factors of u.
2
Let g be (-3 + 4)/((-2)/(-18)). Suppose -v + 0*v - g = 0. What are the prime factors of (-102)/v + (-4)/(-6)?
2, 3
Suppose -2*f - 4*b + 8 = 0, -2*f = -b - b - 2. Suppose -1 = -3*d + 4*x, f*d - 5*d - 3*x = -15. List the prime factors of d.
3
Suppose 17*y = 28*y - 9438. List the prime factors of y.
2, 3, 11, 13
Suppose -5*j - u = -12999, -2604 = -j + 7*u - 3*u. What are the prime factors of j?
2, 5, 13
Let s(m) = m**2 + 5*m + 1. Let o(g) = -g**2 + 13*g - 6. Let u be o(12). Suppose u*j - 3*x + 15 = 3*j, 5*j + 29 = 3*x. What are the prime factors of s(j)?
3, 5
Let p(r) be the second derivative of r**5/60 - r**4/8 + 5*r**3/3 - 3*r. Let s(l) be the second derivative of p(l). What are the prime factors of s(6)?
3
What are the prime factors of (-7198)/(-16) - (-3)/24?
2, 3, 5
List the prime factors of 169/2 - (-8)/(-16).
2, 3, 7
Suppose -4*z + 26 = n, -n - 4*n + 3*z + 245 = 0. Let p = 131 - 26. Let k = p - n. List the prime factors of k.
59
Let v be ((-20894)/(-124))/(1 + (-10)/12). List the prime factors of v/9 + 1/6*-2.
2, 7
Let p = -30 - 4. Let a be p/85*(0 - 15). Suppose -a*c + 490 = c. List the prime factors of c.
2, 5, 7
Let z = -10 + 5. What are the prime factors of 340/z*(-5)/5?
2, 17
Let k be ((-32)/(-12))/((-6)/(-27)). Let q be (-10 + k)/(4/(-18)). List the prime factors of 669/27 + (-2)/q.
5
Let d(a) = a + 27. Let u(f) = -3*f**3 - f - 12. Let s(j) = -4*j**3 - 2*j - 12. Let y(x) = -2*s(x) + 3*u(x). Let p be y(0). What are the prime factors of d(p)?
3, 5
Let z be (-2)/1 - (-108 + 4). Let x(j) = j**3 - 2*j + 2. Let b be x(2). List the prime factors of z/4*4/b.
17
What are the prime factors of -926*1/(-2) - (2 + -5)?
2, 233
Let x = 462 - 162. What are the prime factors of x?
2, 3, 5
Let r(g) = -10*g + 280. List the prime factors of r(-25).
2, 5, 53
Suppose -46 = -m + d, -5*m + 232 = -3*d - d. Suppose 3*i + m = -i. Let y = i - -25. What are the prime factors of y?
13
Let m = 288 - 13. Suppose 0*b = 11*b - m. What are the prime factors of b?
5
Let a(i) = 66*i**2 - 39*i - 8. What are the prime factors of a(-4)?
2, 7, 43
Suppose -4*l - 13 - 18 = -d, 4*d = 12. Let h be (-4)/((-10)/(-52)*-6 + 1). Let k = l + h. What are the prime factors of k?
19
Suppose 522 = -3*h - 171. What are the prime factors of (-1)/1 - (-5 + h/3)?
3
Suppose -2*i = -0 - 46. Let g = i - -32. What are the prime factors of g?
5, 11
Suppose 0 = 46*r - 57*r + 4466. List the prime factors of r.
2, 7, 29
Let i be (0 + 15*4)*1. Suppose -3*y + 3 + 7 = b, 5*b + 3*y = 74. Suppose 4*z = i + b. List the prime factors of z.
19
Suppose 0 = 13*v - 14494 + 1832. What are the prime factors of v?
2, 487
Suppose -2 = -g, 12*a - 3*g - 84 = 11*a. What are the prime factors of a?
2, 3, 5
Let d be ((-180)/21)/(-1)*-7. Let r = d - -5. Let u = 8 - r. What are the prime factors of u?
3, 7
Let o(r) = 10*r + 3*r - 21*r - 5. What are the prime factors of o(-16)?
3, 41
List the prime factors of 2/(-15) - 79161/(-45).
1759
Let o be 3/(-12) - (-21)/4. Suppose -110 = -o*f + 360. Suppose -3*a + f = 5*p + 4, -5*a = -4*p + 109. What are the prime factors of p?
3, 7
Let s = -2104 + 3541. List the prime factors of s.
3, 479
Let n = 154 - -464. List the prime factors of n.
2, 3, 103
List the prime factors of 273858/48 - 6/16.
5, 7, 163
Let n = 161 + -150. List the prime factors of n.
11
Let h = 27 + -55. Let b be (-207)/(-5)*(-30)/(-9). List the prime factors of b/(-4)*h/21.
2, 23
Let m(v) = 26*v + 9. Suppose -r = 2*r - 9. List the prime factors of m(r).
3, 29
Suppose p = 4*f - 28, 3*f - 28 = -f - 3*p. Suppose -3*a + 2*s = f*s - 316, -4*a = 2*s - 412. What are the prime factors of a?
2, 3, 17
Let y(t) = -t**3 - 7*t**2 + 2. Let m be y(-7). Suppose 4*j = -3*g + 252, 4*j + 176 = m*g - 12. List the prime factors of g.
2, 11
Suppose 0 = l + 5*b - 610, 2*b + 2 = -2. List the prime factors of l.
2, 5, 31
Let r = 694 - 354. Suppose 31*h = 26*h + r. What are the prime factors of h?
2, 17
Suppose 4*u + 4*h = 2416, 0 = 2*u + 5*h - 1364 + 153. Suppose 0 = 23*w - 26*w + u. What are the prime factors of w?
3, 67
Let k(q) = -q**2 - 6*q + 2. Let d be k(-6). Suppose -d*w + 7*w - 225 = 0. What are the prime factors of w?
3, 5
Let z(x) = x**2 - 7*x + 8. Let a be z(6). Suppose -y + 3*y = -4*g + 278, 3*y - 5*g = 428. Suppose -a*b + 5*b - y = 0. List the prime factors of b.
47
Suppose 0 - 6 = 4*o + 2*m, -3*m - 17 = -2*o. Let t(c) = 111*c - 2. What are the prime factors of t(o)?
109
Suppose 4*s = -3*k - 14, 2*k + 0*k - 3*s - 19 = 0. List the prime factors of (28/49)/(k/7).
2
Let v = -5 - -12. Let q be (4 + v/(-2))*8. Suppose 3*y - 115 = 4*s - 6*s, -4*s = -q*y - 180. List the prime factors of s.
2, 5
Let k be (177/5)/(1/(-5)). Let c = -103 - k. List the prime factors of c.
2, 37
Suppose p = -0*p + 4. Suppose 0 = p*t + 9 - 65. List the prime factors of t.
2, 7
Suppose -1408 = 9*v - 5035. List the prime factors of v.
13, 31
Let b(s) = -s - 2. Let y be b(-3). Suppose -3*c + 4*p - 7*p = -6, 3*c + 2 = -p. What are the prime factors of (c - (-26 - -2))*y?
2, 11
List the prime factors of 56173/39 + 4/6.
11, 131
Let t be 3/(-6)*-1*-4. What are the prime factors of (2 - 1) + (-11)/t*4?
23
Let v = -18 + 23. Suppose k - 252 = -v*y, 0 = 12*y - 10*y - 3*k - 111. What are the prime factors of y?
3, 17
Suppose 525 = -4*h + 21. Let r = -65 - h. What are the prime factors of r?
61
Let h = 766 - 471. List the prime factors of h.
5, 59
Let l be (-48)/(-18)*6/8 + -3. What are the prime factors of (-6 - -118 - -6) + (-1 - l)?
2, 59
Let r = 138 - 43. Suppose -b - 3*f + r = -2, -4*b - 5*f = -388. What are the prime factors of b?
97
Let z(f) = f**2 + f - 4. Let t be z(5). Suppose 0*i - t = -5*u - 3*i, 4*u - 5*i = 6. Suppose 3*m + 48 = 4*j, -u*m = -m - 12. List the prime factors of j.
3, 5
Suppose y + 7 - 10 = 0. Let o be 232/6 + 1/3. Suppose -5*f + 22 = y*g - o, g + 4*f - 25 = 0. What are the prime factors of g?
17
Suppose 4*l - 5*x = -4, 6*l = 2*l + 3*x + 4. Suppose 5*z - 3 = 4*r, l*z = 3*r + r. List the prime factors of 2/r - 1014/(-18).
3, 19
Let v(n) = n**2 - 2*n + 455. What are the prime factors of v(0)?
5, 7, 13
List the prime factors of (8/2)/((-14)/(-13678) + 0).
2, 977
List the prime factors of ((-76)/(-2))/((-14)/(-490)).
2, 5, 7, 19
Suppose 3*j + 27 = 6*j. Let m be (3 - 1)*j/(-18). List the prime factors of (m/(-1))/((-5)/(-115)).
23
Let w(f) = 1089*f - 57. List the prime factors of w(2).
3, 7, 101
Suppose 767 - 6083 = -12*j. List the prime factors of j.
443
What are the prime factors of (-4)/(9/(-6)*32/5112)?
2, 3, 71
Sup